 20.
18
Let f be ((-2)/(-4))/(2/20). Let g(r) = r**2 - r. Let x be g(2). Suppose 0 = -y + x*i - 5, -5*i = f*y - i - 45. What is the remainder when 9 is divided by y?
4
Suppose -5*l = g + 68 + 155, 3*l + 129 = -3*g. Let n = 67 + l. What is the remainder when n is divided by 8?
6
Suppose 4 = -d + 2*d. Suppose 8 = -4*n - d. What is the remainder when 23 is divided by -1 + 39/(-9)*n?
11
Suppose 3*h - 57 = -0*h + 3*o, 85 = 4*h + 5*o. Calculate the remainder when 37 is divided by h.
17
Suppose -8 = -2*t + 4*t, -2*g + 42 = t. Calculate the remainder when g is divided by 7.
2
Suppose 2*h - 3*y = 39, -7*y = 5*h - 2*y - 135. Calculate the remainder when h is divided by 87/9 + (-4)/6.
6
Let y = -40 - -80. Suppose g + 3*v + 5 = -0*g, 2*g - y = 4*v. Let h(u) = -u**3 + 5*u**2 + 6*u + 6. Calculate the remainder when g is divided by h(6).
4
Calculate the remainder when 29 is divided by 7/2*(-40)/(-14).
9
Let c = 3 - -4. Let h(p) = p**2 + 4*p - 8. Calculate the remainder when h(-7) is divided by c.
6
What is the remainder when 33 is divided by (25/10 - 2)/(1/12)?
3
Let a(j) = 5*j**2 - 3*j + 2. Calculate the remainder when a(3) is divided by 10.
8
Let u = -2 - -8. Calculate the remainder when u is divided by 3.
0
Suppose 0 = 3*y + 12 - 231. Let m = y + -52. Calculate the remainder when 62 is divided by m.
20
Suppose 327 = 5*i + 2*l, 4*l + 127 = 3*i - 64. Calculate the remainder when i is divided by 22.
21
Suppose 0 = 5*o + 4*m - m - 321, -3*m + 258 = 4*o. What is the remainder when o is divided by 32?
31
Let c = 8 - 6. Suppose -4*t = -c*t - 10. Calculate the remainder when (-28)/(-2) - (-3 + 3) is divided by t.
4
Let i = 2 + 2. Suppose -l = -i*l + 90. Let g = -19 + l. What is the remainder when g is divided by 4?
3
Suppose 6*g = 2*g + 48. Suppose q - g = -0*q. Let k(b) = -2*b - 2. What is the remainder when k(-12) is divided by q?
10
Calculate the remainder when (1/2)/(11/946) is divided by 11.
10
Suppose 4*b + j - 19 = 0, -b - b + 7 = 3*j. Suppose 5*n + 0*n = 90. Calculate the remainder when n is divided by b.
3
Let n(q) = -2*q**3 + 3*q**2 - q + 2. Let l(x) = 3*x**3 - 7*x**2 + 2*x - 5. Let k(a) = -3*l(a) - 5*n(a). Calculate the remainder when k(-6) is divided by 6.
5
Let x(d) = -d**3 - 10*d**2 - 21*d - 26. Calculate the remainder when 39 is divided by x(-8).
11
Calculate the remainder when 57 is divided by ((-10)/4*-6)/1.
12
Let d(b) = 5*b**3 - 10*b**2 + 7*b + 35. Let t(p) = 3*p**3 - 7*p**2 + 5*p + 23. Let x(l) = -5*d(l) + 8*t(l). What is the remainder when x(-7) is divided by 8?
7
Let r(q) = -3*q - 3. Let j(l) be the second derivative of l**3/2 + l**2 - 2*l. Let i(u) = -4*j(u) - 3*r(u). What is the remainder when i(-3) is divided by 4?
2
Let p(q) = q + 15. Let n be p(-14). Calculate the remainder when (-63)/(-2) + n/2 is divided by 12.
8
Suppose 67 = 5*d - 43. Calculate the remainder when 85 is divided by d.
19
Let n = 9 - 3. Suppose 5*z = -4*m + 16, -4*m - z + 16 = -0*m. What is the remainder when n is divided by m?
2
Let m = -3 + 10. Let k be 0 + (-3 + 3 - -37). Suppose -65 = -2*t - 5*i, k = 4*t - i - 38. Calculate the remainder when t is divided by m.
6
Let b(f) = -f**3 + 6*f**2 + 7*f + 2. Let v be b(7). Let t = -14 - -27. Calculate the remainder when ((-1)/v)/((-5)/370) is divided by t.
11
Suppose u = 2*u - 55. Let n = -51 + 70. What is the remainder when u is divided by n?
17
Suppose -d - z = -3, -4*z - 1 = d - 7. What is the remainder when 23 is divided by 2/(6/21) - d?
3
Suppose -m - 25 = -5*x, -2*m - 15 = -3*x + 2*m. Calculate the remainder when 11 is divided by x.
1
Let m = 4 + 5. What is the remainder when 16/10*(13 + -3) is divided by m?
7
Let s be (2 + (-66)/3)*-2. Suppose 140 = 5*q - 5*a + s, 2 = a. Calculate the remainder when q is divided by 8.
6
Suppose 7*q - 3*q = 184. Calculate the remainder when q is divided by 24.
22
Let l(u) be the second derivative of u**5/20 - u**4/2 + u**3/2 - 9*u**2/2 + 8*u. Calculate the remainder when 16 is divided by l(6).
7
Suppose 11 = -5*s + 31. Suppose -3*q - 2 = s*r + 2*q, q = -r. Suppose -2 = -o - 0, 2*o - r = d. Calculate the remainder when 5 is divided by d.
1
Let n(a) be the second derivative of a**5/60 - a**4/8 - a**3/3 + a. Let t(y) be the second derivative of n(y). What is the remainder when 11 is divided by t(3)?
2
Suppose -4*s = -3*b - 28, 0*s + 5*b = -4*s - 4. Suppose -s*d + 2*d = 0. Suppose -5*k + 97 = 3*m, 0 = -m - d + 4. What is the remainder when k is divided by 9?
8
Let v(y) = -y**3 + 7*y**2 + 10*y - 12. Calculate the remainder when 33 is divided by v(8).
1
Suppose -3*b - 3*n = b - 79, 4*b - 5*n = 103. Suppose -4*o = 5*s - 48, -o - 4*o - b = -4*s. What is the remainder when (-1 - 0)/((-1)/31) is divided by s?
7
Let r(j) = -j**3 - 6*j**2 + 6*j + 4. Calculate the remainder when r(-7) is divided by 4.
3
Let r = 10 + -8. Calculate the remainder when (-426)/(-18) + r/6 is divided by 13.
11
Suppose z - 5*a = -3*z - 3, 0 = -4*a + 12. Suppose -2*g + 30 = -0*g. What is the remainder when g is divided by (z + -5)*(0 - 2)?
3
Let j be (6/(-4))/((-4)/(-8)). Calculate the remainder when 37 is divided by ((-260)/(-30))/((-2)/j).
11
Let r be -3 - (-2)/(4/90). Suppose 2*i = 4*w + 2 - r, -20 = -3*w + 4*i. Calculate the remainder when 22 is divided by w.
10
Suppose 25 = -0*d + d - 5*b, 0 = -d + 4*b + 21. Let y(f) be the first derivative of 4*f**2 + f + 3. Calculate the remainder when y(1) is divided by d.
4
Let g be (2 + -1 + -3)*-2. Let v(s) be the third derivative of 7*s**4/24 - 5*s**3/6 - s**2. What is the remainder when v(g) is divided by 6?
5
Let o = 124 - 83. What is the remainder when o is divided by 25?
16
Suppose -2*g = -7*g. Suppose 4*b - 28 - 212 = g. Suppose t - 5*t + b = 0. What is the remainder when 43 is divided by t?
13
Suppose o - 3*n - 13 - 6 = 0, -4*o + 3*n = -58. Suppose -3*g + 4*g - 3*k + 2 = 0, -5*g + 4*k - 32 = 0. What is the remainder when o is divided by (-14)/3*12/g?
6
Suppose -o - 39 = -3*o + c, 3*o - 46 = -c. Suppose 0 = t - 38 - 6. Suppose 0 = -3*w + n + 28, -6*w = -w + n - t. Calculate the remainder when o is divided by w.
8
Let c(w) = -w**2 + 6*w. Let a be c(5). Suppose -o - 3*o + 40 = -4*j, -j = -a*o + 42. Calculate the remainder when 22 is divided by o.
6
What is the remainder when 190 is divided by (10/30)/((-4)/(-288))?
22
Calculate the remainder when 4/8*8 + 1 is divided by 2/(0 - 4/(-6)).
2
Suppose 4*s - 24 = -5*j - 0*s, j + 8 = -4*s. Calculate the remainder when 69 is divided by j.
5
Let i = 56 + -35. Calculate the remainder when 78 is divided by i.
15
Suppose -2*c - 3*d + 10 = -12, -4*c - 2*d + 36 = 0. What is the remainder when 18 is divided by c?
2
Let r(q) = -q**2 - 4. Let p be r(6). Let h = p + 72. What is the remainder when h is divided by 11?
10
Calculate the remainder when 57 is divided by (28 + (1 - 0))/1.
28
Let o(f) = f**2 - 15. Let y be o(0). Let u be -3 + (y - -3)/(-3). Calculate the remainder when u/(-3) + 830/15 is divided by 14.
13
Let n(i) = 2*i - 16. Let y be n(9). Suppose q + q = -y*j + 70, -5*j + 4*q = -157. What is the remainder when 63 is divided by j?
30
Let z be 0 - (-1 + 1) - -114. Suppose 2*p = -p + z. Calculate the remainder when p is divided by 5 - (1 + 4 - 13).
12
Suppose 0 = 3*v - w - 112, -5*w + 10*w + 28 = v. What is the remainder when 72 is divided by v?
34
Suppose 0 = -3*b + 35 + 46. Calculate the remainder when b is divided by 10.
7
Suppose 0 = 2*b + 5*y - 121, 5*b - 288 = y + y. What is the remainder when b is divided by 15?
13
Suppose q + 43 = i + 5*q, -4*i + q = -138. What is the remainder when i is divided by 18?
17
Let y = 11 + -3. Calculate the remainder when 29 is divided by y.
5
Let u(f) = 3*f - 10. Let n be u(5). Let i(h) = 3*h + 5. Calculate the remainder when 39 is divided by i(n).
19
What is the remainder when 35 is divided by 21/2 + 1 - (-14)/28?
11
Suppose -r + 19 = 3*p, -5*r - p = -14 - 11. Suppose -t = r*t. Suppose 28 = z - t*z. What is the remainder when z is divided by 15?
13
Let j = -18 + 22. Suppose -j*t = -0*t - 116. Calculate the remainder when t is divided by 8.
5
Let z = 47 - 38. Calculate the remainder when 69 is divided by z.
6
Suppose -r + 0*r = -i - 12, 2*r - 9 = 5*i. Suppose 93 = t + 28. Calculate the remainder when t is divided by r.
14
Suppose -3*m - m - 5*x + 34 = 0, 3*m + 5*x = 23. Let t = -8 - 2. Let y =